t is -5863233a - -4?
-58632336
In base 7, what is -165 + 20515104?
20514606
In base 2, what is 111000010110001000001 - -11?
111000010110001000100
In base 15, what is 66108ca - 5?
66108c5
In base 5, what is 10 + -343032124413?
-343032124403
In base 9, what is -1070381 + 10?
-1070371
In base 13, what is -40 + 255a2?
25562
In base 7, what is -4 - -244223024?
244223020
In base 4, what is -3 - 110323300130?
-110323300133
In base 7, what is 3315350 + -15?
3315332
In base 3, what is -2022 + -21200222?
-21210021
In base 10, what is -761895 - -7?
-761888
In base 11, what is -437 - -404a6?
4006a
In base 11, what is -12 - 11757?
-11769
In base 8, what is -3 + -5447013?
-5447016
In base 11, what is a11 + 51a34?
52945
In base 16, what is -5 + 2d4b75?
2d4b70
In base 8, what is -301 + -20542?
-21043
In base 5, what is -30112 + 22323302?
22243140
In base 15, what is -7088 + 3c72?
-3316
In base 15, what is 469c - e1?
45ab
In base 10, what is 285045 + 46?
285091
In base 5, what is -31 - 1100244330?
-1100244411
In base 2, what is 1000001100 - 101000000010010011?
-100111111010000111
In base 6, what is 1 + -4200253411?
-4200253410
In base 14, what is 1 + 193560?
193561
In base 8, what is 1245 - 724?
321
In base 16, what is 133 - 73c3?
-7290
In base 14, what is -1b - -1c8b997?
1c8b97a
In base 9, what is 7227 - -5643?
13871
In base 3, what is 12100210211010222 + -1?
12100210211010221
In base 9, what is 105 + 1730322?
1730427
In base 7, what is -2 + 13054003?
13054001
In base 12, what is -23105 - -16b8?
-21609
In base 8, what is -2630 + 100501?
75651
In base 2, what is 1100 - -1011111010110101101111?
1011111010110101111011
In base 13, what is -7bb8 + -503?
-83bb
In base 10, what is 87 + -47814?
-47727
In base 11, what is -17 - -4a3772?
4a3756
In base 7, what is -1464424 - -111?
-1464313
In base 15, what is c - -4a29a8?
4a29b5
In base 11, what is -6 + 14123428?
14123422
In base 8, what is 0 - -416174131?
416174131
In base 7, what is -23 - 1015345022?
-1015345045
In base 3, what is -2121212 - 11010?
-2202222
In base 7, what is -16613225564 - 2?
-16613225566
In base 5, what is -13 + 1214441131?
1214441113
In base 10, what is -15755 - 687?
-16442
In base 7, what is 2400 + 50325?
53025
In base 11, what is 332 - -9535?
9867
In base 13, what is 16a6a + 3ba?
17157
In base 10, what is -288927734 + -5?
-288927739
In base 12, what is 17160 + 538?
17698
In base 3, what is 1 + -1000120000?
-1000112222
In base 7, what is -61626363 + 1?
-61626362
In base 16, what is -48234 - -5?
-4822f
In base 13, what is 785 - 327c?
-27c7
In base 6, what is -302553510 - -4?
-302553502
In base 2, what is -11 + -1000110111100000011110001001?
-1000110111100000011110001100
In base 15, what is 16c1cc - -5cb?
16c7a8
In base 8, what is 207222 - -327?
207551
In base 16, what is 4ae368 - 4?
4ae364
In base 6, what is -2550430 + 13?
-2550413
In base 8, what is -10542527 + -2?
-10542531
In base 4, what is -330310 + 101232?
-223012
In base 15, what is -6 - 14a3c9?
-14a3d0
In base 6, what is 3135251130 + -21?
3135251105
In base 14, what is 2 + -669329?
-669327
In base 5, what is 102231 - -23131?
130412
In base 9, what is 130755510 + -13?
130755486
In base 12, what is 12168550 + 1?
12168551
In base 5, what is -4 - 11110044401?
-11110044410
In base 7, what is 104642413 + -1?
104642412
In base 4, what is -213 - -33010031?
33003212
In base 6, what is -130 - -122040511?
122040341
In base 12, what is 0 - 18ba6a4?
-18ba6a4
In base 12, what is 54a82 - -61?
54b23
In base 4, what is 1 + 100002033323?
100002033330
In base 4, what is 20 - -101211212013?
101211212033
In base 6, what is -3 - 2114211543?
-2114211550
In base 2, what is 1101101011101 + 10000111100101110?
10010101010001011
In base 5, what is -220 + -13031320?
-13032040
In base 6, what is -141514421 + -15?
-141514440
In base 15, what is a100 - 32?
a0bd
In base 5, what is -444 + 133222333?
133221334
In base 2, what is -101011 - -1010010011100111001010?
1010010011100110011111
In base 8, what is 174512 + 42?
174554
In base 9, what is 6832303 + 16?
6832320
In base 16, what is 7c - -2df6?
2e72
In base 5, what is 0 + 223230111123?
223230111123
In base 3, what is -1101011102112120 - -200?
-1101011102111220
In base 9, what is -8 - 35740744?
-35740753
In base 13, what is -a0 - -24715?
24645
In base 6, what is -31002 + 132025?
101023
In base 6, what is 210 + 2004245?
2004455
In base 8, what is -23114346 + -17?
-23114365
In base 11, what is 446 + 12373a?
124085
In base 5, what is -1001042 - 20?
-1001112
In base 6, what is -150 + -55510043?
-55510233
In base 10, what is -1294377 - 7?
-1294384
In base 14, what is -bb8 - 11778?
-12552
In base 9, what is 21157 - 83102?
-61834
In base 16, what is -62571 + -18?
-62589
In base 13, what is 22469 + 4788?
26c24
In base 8, what is 1325 + -1547051?
-1545524
In base 4, what is 2333213113 + 23?
2333213202
In base 5, what is -4341 + -111402322?
-111412213
In base 15, what is 31739 - -6e?
317a8
In base 2, what is 101111 - 1000001110100?
-1000001000101
In base 13, what is 38a3 - -34ac?
7082
In base 4, what is 111321202011 - 11?
111321202000
In base 16, what is 44c7 + 27f7?
6cbe
In base 3, what is 10 + 1212111101111112?
1212111101111122
In base 3, what is -102012012201022 + -1011?
-102012012202110
In base 12, what is 62637 - 17b?
62478
In base 8, what is 2 - 6352604?
-6352602
In base 9, what is -630 + 286025?
285285
In base 16, what is 470 + -5dc56?
-5d7e6
In base 16, what is 33 + 1906b?
1909e
In base 6, what is 14040521234 - 5?
14040521225
In base 16, what is 2a + -974f8?
-974ce
In base 12, what is -4 - -1927a14?
1927a10
In base 16, what is 4c3 + 806?
cc9
In base 7, what is 26352 - -121463?
151145
In base 9, what is 35 - 13536?
-13501
In base 2, what is -1110110001110101111011100 - 0?
-1110110001110101111011100
In base 13, what is -31206 - 17b?
-31384
In base 7, what is -2505223 - -601?
-2504322
In base 4, what is 1232000123010 - 122?
1232000122222
In base 6, what is 4 - 11355150545?
-11355150541
In base 9, what is 881512 - 11?
881501
In base 7, what is -1335 - -5102332?
5100664
In base 9, what is 5 + -3714706?
-3714701
In base 9, what is 0 - -11856408?
11856408
In base 11, what is 0 + -2999978?
-2999978
In base 3, what is 100210121 + -2020?
100201101
In base 10, what is 1124265 - -1?
1124266
In base 10, what is -2269 + 135297?
133028
In base 7, what is 2545 - -126362?
132240
In base 15, what is 1 + -ebd76d0?
-ebd76ce
In base 13, what is 9218 - 3b4?
8b34
In base 8, what is 3621 - -51321?
55142
In base 2, what is -1001 + 10110101000001110111000?
10110101000001110101111
In base 11, what is 397a086 - 0?
397a086
In base 15, what is 8d083 - 40e?
8cb74
In base 2, what is 11011111110111111100 - -1001?
11011111111000000101
In base 6, what is -20233431 + -512?
-20234343
In base 12, what is 1b898 + b6?
1b992
In base 4, what is 11 + 23123133020012?
23123133020023
In base 2, what is 1000000100 - -11001011001111001?
11001100001111101
In base 16, what is -373 - 1e2bd1?
-1e2f44
In base 2, what is -101000101001010 - -110100?
-101000100010110
In base 4, what is 2310010 - -23331?
3000001
In base 12, what is 188759 + 8?
188765
In base 4, what is -303 - -21121213012?
21121212103
In base 11, what is -27a835 - 6a?
-27a8a4
In base 2, what is 100110011111011100010 - -111?
100110011111011101001
In base 12, what is -11448 - 25?
-11471
In base 16, what is 90 + c716?
c7a6
In base 3, what is 10211120120 - 1002?
10211112111
In base 12, what is -942 - -35132b?
3505a9
In base 15, what is -551 + -6012?
-6563
In base 9, what is 12 + -207081?
-207068
In base 8, what is 2743241 - 0?
2743241
In base 6, what is -5 - 212154404?
-212154413
In base 7, what is -261 - -111156?
110565
In base 2, what is -101001010100011011100011110 - -100?
-101001010100011011100011010
In base 4, what is 2323 - 3321222?
-3312233
In base 16, what is -e + 2cc9b6?
2cc9a8
In base 10, what is 1 + 57330487?
57330488
In base 14, what is 10b283 - -384?
10b627
In base 11, what is -a75 - 6308?
-7282
In base 9, what is 57384055 + 30?
57384085
In base 10, what is -72457314 - 2?
-72457316
In base 10, what is -147640592 + 0?
-147640592
In base 8, what is -1 + 324555511?
324555510
In base 12, what is 22a - 335754?
-335526
In base 8, what is -5361345 - -517?
-5360626
In base 2, what is -110011111011100101 - 1111